{"id":10931,"date":"2021-05-27T18:15:14","date_gmt":"2021-05-27T18:15:14","guid":{"rendered":"https:\/\/alfasolve.com\/alfasolve_web\/?page_id=10931"},"modified":"2021-06-03T14:02:47","modified_gmt":"2021-06-03T14:02:47","slug":"lisovani-a-kovotlaceni","status":"publish","type":"page","link":"https:\/\/alfasolve.com\/alfasolve_web\/lisovani-a-kovotlaceni\/","title":{"rendered":"Lisov\u00e1n\u00ed a kovotla\u010den\u00ed"},"content":{"rendered":"<p>[et_pb_section fb_built=&#8221;1&#8243; next_background_color=&#8221;#ffffff&#8221; admin_label=&#8221;Hero&#8221; _builder_version=&#8221;4.9.4&#8243; use_background_color_gradient=&#8221;on&#8221; background_color_gradient_start=&#8221;#000000&#8243; background_color_gradient_end=&#8221;rgba(0,0,0,0.15)&#8221; background_color_gradient_direction=&#8221;70deg&#8221; background_color_gradient_overlays_image=&#8221;on&#8221; background_image=&#8221;https:\/\/alfasolve.com\/alfasolve_web\/wp-content\/uploads\/2021\/05\/DSC_4898.jpg&#8221; custom_margin=&#8221;|||&#8221; custom_padding=&#8221;6vw|||&#8221; bottom_divider_style=&#8221;mountains2&#8243; bottom_divider_height=&#8221;20vw&#8221; bottom_divider_repeat=&#8221;0.5x&#8221; bottom_divider_flip=&#8221;horizontal|vertical&#8221;][et_pb_row _builder_version=&#8221;3.25&#8243; custom_margin=&#8221;|||&#8221; custom_padding=&#8221;27px|0px|0|0px|false|false&#8221;][et_pb_column type=&#8221;4_4&#8243; _builder_version=&#8221;3.25&#8243; custom_padding=&#8221;|||&#8221; custom_padding__hover=&#8221;|||&#8221;][et_pb_post_title meta=&#8221;off&#8221; featured_image=&#8221;off&#8221; _builder_version=&#8221;4.9.4&#8243; _module_preset=&#8221;default&#8221; title_font=&#8221;Josefin Sans|500|||||||&#8221; title_text_color=&#8221;#FFFFFF&#8221; title_font_size=&#8221;60px&#8221; title_font_size_tablet=&#8221;45px&#8221; title_font_size_phone=&#8221;30px&#8221; title_font_size_last_edited=&#8221;on|desktop&#8221;][\/et_pb_post_title][\/et_pb_column][\/et_pb_row][et_pb_row use_custom_gutter=&#8221;on&#8221; gutter_width=&#8221;1&#8243; disabled_on=&#8221;on|off|off&#8221; module_class=&#8221; et_pb_row_fullwidth&#8221; _builder_version=&#8221;3.25&#8243; width=&#8221;100%&#8221; width_tablet=&#8221;100%&#8221; width_phone=&#8221;&#8221; width_last_edited=&#8221;on|desktop&#8221; max_width=&#8221;100%&#8221; max_width_tablet=&#8221;100%&#8221; max_width_phone=&#8221;&#8221; max_width_last_edited=&#8221;on|desktop&#8221; make_fullwidth=&#8221;on&#8221; locked=&#8221;off&#8221;][et_pb_column type=&#8221;4_4&#8243; _builder_version=&#8221;3.25&#8243; custom_padding=&#8221;|||&#8221; custom_padding__hover=&#8221;|||&#8221;][et_pb_text _builder_version=&#8221;4.9.4&#8243; text_font=&#8221;Josefin Sans|700||on|||||&#8221; text_text_color=&#8221;rgba(255,255,255,0.2)&#8221; text_font_size=&#8221;14vw&#8221; text_line_height=&#8221;1em&#8221; quote_font=&#8221;||||||||&#8221; header_font=&#8221;||||||||&#8221; custom_margin=&#8221;||-0.4em|&#8221; custom_padding=&#8221;|||&#8221; filter_blur=&#8221;7px&#8221; animation_style=&#8221;slide&#8221; animation_direction=&#8221;right&#8221; animation_duration=&#8221;10000ms&#8221; animation_intensity_slide=&#8221;10%&#8221; animation_starting_opacity=&#8221;40%&#8221; animation_speed_curve=&#8221;linear&#8221; text_font_size_tablet=&#8221;124px&#8221; text_font_size_phone=&#8221;90px&#8221; text_font_size_last_edited=&#8221;off|desktop&#8221;]<\/p>\n<p>Alfasolve<\/p>\n<p>[\/et_pb_text][\/et_pb_column][\/et_pb_row][\/et_pb_section][et_pb_section fb_built=&#8221;1&#8243; custom_padding_last_edited=&#8221;off|desktop&#8221; next_background_color=&#8221;#ffffff&#8221; admin_label=&#8221;Services&#8221; module_id=&#8221;services&#8221; _builder_version=&#8221;4.9.4&#8243; use_background_color_gradient=&#8221;on&#8221; background_color_gradient_start=&#8221;#ffffff&#8221; background_color_gradient_end=&#8221;#e0e0e0&#8243; background_color_gradient_start_position=&#8221;30%&#8221; custom_padding=&#8221;|||&#8221; bottom_divider_style=&#8221;mountains2&#8243; bottom_divider_repeat=&#8221;0.5x&#8221;][et_pb_row column_structure=&#8221;1_2,1_2&#8243; admin_label=&#8221;Content Area&#8221; _builder_version=&#8221;4.9.4&#8243;][et_pb_column type=&#8221;1_2&#8243; _builder_version=&#8221;3.25&#8243; custom_padding=&#8221;|||&#8221; custom_padding__hover=&#8221;|||&#8221;][et_pb_text ul_position=&#8221;inside&#8221; _builder_version=&#8221;4.9.4&#8243; text_font=&#8221;Open Sans||||||||&#8221; text_font_size=&#8221;18px&#8221; text_line_height=&#8221;1.8em&#8221; header_font=&#8221;||||||||&#8221; header_text_color=&#8221;rgba(0,0,0,0)&#8221; header_2_font=&#8221;Josefin Sans|700|||||||&#8221; header_2_font_size=&#8221;48px&#8221; header_2_line_height=&#8221;1.4em&#8221; header_3_font=&#8221;Josefin Sans|700||on|||||&#8221; header_3_text_color=&#8221;rgba(43,51,68,0.2)&#8221; max_width=&#8221;700px&#8221; module_alignment=&#8221;center&#8221; custom_margin=&#8221;|||&#8221; custom_padding=&#8221;|||&#8221; hover_enabled=&#8221;0&#8243; header_2_font_size_tablet=&#8221;&#8221; header_2_font_size_phone=&#8221;24px&#8221; header_2_font_size_last_edited=&#8221;on|phone&#8221; header_2_line_height_tablet=&#8221;1.4em&#8221; header_2_line_height_last_edited=&#8221;off|desktop&#8221; locked=&#8221;off&#8221; sticky_enabled=&#8221;0&#8243;]<\/p>\n<p><strong>LISOV\u00c1N\u00cd<\/strong><\/p>\n<p>Nab\u00edz\u00edme kapacity na mechanick\u00fdch lisech od 10t a\u017e po 250t. Jsme schopni pracovat z p\u0159\u00edst\u0159ih\u016f i svitk\u016f. Svitky um\u00edme zpracov\u00e1vat a\u017e do \u0161\u00ed\u0159e 500mm a tlou\u0161\u0165ky materi\u00e1lu 1.5mm.<\/p>\n<p><strong>KOVOTLA\u010cEN\u00cd<\/strong><\/p>\n<p>Nab\u00edz\u00edme kapacitu na CNC kovotla\u010ditelsk\u00e9m stroji Leifeld AG typ SC 310.<\/p>\n<p><strong>N\u00c1SLEDN\u00c9 OPERACE<\/strong><\/p>\n<p>Jako standardn\u00ed povrchov\u00e9 o\u0161et\u0159en\u00ed prov\u00e1d\u00edme vibra\u010dn\u00ed odjehlen\u00ed a odjehlen\u00ed om\u00edl\u00e1n\u00edm. Jsme schopni vyhov\u011bt r\u016fzn\u00fdm po\u017eadavk\u016fm odjehlen\u00ed jako je odstran\u011bn\u00ed ostr\u00fdch hran, brou\u0161en\u00ed, le\u0161t\u011bn\u00ed apod.<\/p>\n<p>Nab\u00edz\u00edme tak\u00e9 oh\u00fdb\u00e1n\u00ed, paketov\u00e1n\u00ed, rovn\u00e1n\u00ed, pasivaci, pr\u00e1\u0161kov\u00e9 lakov\u00e1n\u00ed.<\/p>\n<p>Ve spolupr\u00e1ci s partnery prov\u00e1d\u00edme kalen\u00ed a dal\u0161\u00ed zu\u0161lecht\u011bn\u00ed dle po\u017eadavk\u016f z\u00e1kazn\u00edka.<\/p>\n<p>[\/et_pb_text][et_pb_button button_url=&#8221;https:\/\/alfasolve.com\/alfasolve_web\/cs\/kontakt\/&#8221; button_text=&#8221;Napi\u0161te n\u00e1m&#8221; button_alignment=&#8221;left&#8221; _builder_version=&#8221;4.9.4&#8243; custom_button=&#8221;on&#8221; button_text_size=&#8221;14px&#8221; button_text_color=&#8221;#ffffff&#8221; button_bg_color=&#8221;#EF3000&#8243; button_border_width=&#8221;14px&#8221; button_border_color=&#8221;rgba(255,255,255,0)&#8221; button_border_radius=&#8221;0px&#8221; button_letter_spacing=&#8221;1px&#8221; button_font=&#8221;Josefin Sans|700||on|||||&#8221; custom_margin=&#8221;|||&#8221; custom_margin_tablet=&#8221;0px||0px|&#8221; custom_margin_phone=&#8221;||0px|&#8221; custom_margin_last_edited=&#8221;off|desktop&#8221; custom_padding=&#8221;|||&#8221; hover_enabled=&#8221;0&#8243; box_shadow_style=&#8221;preset3&#8243; box_shadow_blur=&#8221;30px&#8221; box_shadow_color=&#8221;rgba(0,0,0,0.16)&#8221; button_border_radius_hover=&#8221;0px&#8221; button_letter_spacing_hover=&#8221;1px&#8221; locked=&#8221;off&#8221; button_text_size__hover_enabled=&#8221;off&#8221; button_one_text_size__hover_enabled=&#8221;off&#8221; button_two_text_size__hover_enabled=&#8221;off&#8221; button_text_color__hover_enabled=&#8221;on|hover&#8221; button_one_text_color__hover_enabled=&#8221;off&#8221; button_two_text_color__hover_enabled=&#8221;off&#8221; button_border_width__hover_enabled=&#8221;off&#8221; button_one_border_width__hover_enabled=&#8221;off&#8221; button_two_border_width__hover_enabled=&#8221;off&#8221; button_border_color__hover_enabled=&#8221;off&#8221; button_one_border_color__hover_enabled=&#8221;off&#8221; button_two_border_color__hover_enabled=&#8221;off&#8221; button_border_radius__hover_enabled=&#8221;on&#8221; button_border_radius__hover=&#8221;0px&#8221; button_one_border_radius__hover_enabled=&#8221;off&#8221; button_two_border_radius__hover_enabled=&#8221;off&#8221; button_letter_spacing__hover_enabled=&#8221;on&#8221; button_letter_spacing__hover=&#8221;1px&#8221; button_one_letter_spacing__hover_enabled=&#8221;off&#8221; button_two_letter_spacing__hover_enabled=&#8221;off&#8221; button_bg_color__hover_enabled=&#8221;on|hover&#8221; button_one_bg_color__hover_enabled=&#8221;off&#8221; button_two_bg_color__hover_enabled=&#8221;off&#8221; button_bg_color__hover=&#8221;#FFFFFF&#8221; button_bg_enable_color__hover=&#8221;on&#8221; button_text_color__hover=&#8221;#EF3000&#8243; sticky_enabled=&#8221;0&#8243;][\/et_pb_button][\/et_pb_column][et_pb_column type=&#8221;1_2&#8243; _builder_version=&#8221;3.25&#8243; custom_padding=&#8221;|||&#8221; custom_padding__hover=&#8221;|||&#8221;][et_pb_text _builder_version=&#8221;4.9.4&#8243; _module_preset=&#8221;default&#8221;]\n\t\t<style type=\"text\/css\">\n\t\t\t#gallery-1 {\n\t\t\t\tmargin: auto;\n\t\t\t}\n\t\t\t#gallery-1 .gallery-item {\n\t\t\t\tfloat: left;\n\t\t\t\tmargin-top: 10px;\n\t\t\t\ttext-align: center;\n\t\t\t\twidth: 50%;\n\t\t\t}\n\t\t\t#gallery-1 img {\n\t\t\t\tborder: 2px solid #cfcfcf;\n\t\t\t}\n\t\t\t#gallery-1 .gallery-caption {\n\t\t\t\tmargin-left: 0;\n\t\t\t}\n\t\t\t\/* see gallery_shortcode() in wp-includes\/media.php *\/\n\t\t<\/style>\n\t\t<div id='gallery-1' class='gallery galleryid-10931 gallery-columns-2 gallery-size-medium'><dl class='gallery-item'>\n\t\t\t<dt class='gallery-icon portrait'>\n\t\t\t\t<a href='https:\/\/alfasolve.com\/alfasolve_web\/wp-content\/uploads\/2021\/05\/metal-1-scaled.jpg'><img loading=\"lazy\" decoding=\"async\" width=\"225\" height=\"300\" src=\"https:\/\/alfasolve.com\/alfasolve_web\/wp-content\/uploads\/2021\/05\/metal-1-225x300.jpg\" class=\"attachment-medium size-medium\" alt=\"\" \/><\/a>\n\t\t\t<\/dt><\/dl><dl class='gallery-item'>\n\t\t\t<dt class='gallery-icon portrait'>\n\t\t\t\t<a href='https:\/\/alfasolve.com\/alfasolve_web\/wp-content\/uploads\/2021\/05\/20210520_102318-scaled.jpg'><img loading=\"lazy\" decoding=\"async\" width=\"225\" height=\"300\" src=\"https:\/\/alfasolve.com\/alfasolve_web\/wp-content\/uploads\/2021\/05\/20210520_102318-225x300.jpg\" class=\"attachment-medium size-medium\" alt=\"\" \/><\/a>\n\t\t\t<\/dt><\/dl><br style=\"clear: both\" \/><dl class='gallery-item'>\n\t\t\t<dt class='gallery-icon landscape'>\n\t\t\t\t<a href='https:\/\/alfasolve.com\/alfasolve_web\/wp-content\/uploads\/2021\/05\/metal2-scaled.jpg'><img loading=\"lazy\" decoding=\"async\" width=\"300\" height=\"225\" src=\"https:\/\/alfasolve.com\/alfasolve_web\/wp-content\/uploads\/2021\/05\/metal2-300x225.jpg\" class=\"attachment-medium size-medium\" alt=\"\" \/><\/a>\n\t\t\t<\/dt><\/dl><dl class='gallery-item'>\n\t\t\t<dt class='gallery-icon landscape'>\n\t\t\t\t<a href='https:\/\/alfasolve.com\/alfasolve_web\/wp-content\/uploads\/2021\/05\/20210520_102451-scaled.jpg'><img loading=\"lazy\" decoding=\"async\" width=\"300\" height=\"225\" src=\"https:\/\/alfasolve.com\/alfasolve_web\/wp-content\/uploads\/2021\/05\/20210520_102451-300x225.jpg\" class=\"attachment-medium size-medium\" alt=\"\" \/><\/a>\n\t\t\t<\/dt><\/dl><br style=\"clear: both\" \/><dl class='gallery-item'>\n\t\t\t<dt class='gallery-icon landscape'>\n\t\t\t\t<a href='https:\/\/alfasolve.com\/alfasolve_web\/wp-content\/uploads\/2021\/05\/20210520_102616-scaled.jpg'><img loading=\"lazy\" decoding=\"async\" width=\"300\" height=\"225\" src=\"https:\/\/alfasolve.com\/alfasolve_web\/wp-content\/uploads\/2021\/05\/20210520_102616-300x225.jpg\" class=\"attachment-medium size-medium\" alt=\"\" \/><\/a>\n\t\t\t<\/dt><\/dl><dl class='gallery-item'>\n\t\t\t<dt class='gallery-icon landscape'>\n\t\t\t\t<a href='https:\/\/alfasolve.com\/alfasolve_web\/wp-content\/uploads\/2021\/05\/METAL-SPINNING.png'><img loading=\"lazy\" decoding=\"async\" width=\"300\" height=\"206\" src=\"https:\/\/alfasolve.com\/alfasolve_web\/wp-content\/uploads\/2021\/05\/METAL-SPINNING-300x206.png\" class=\"attachment-medium size-medium\" alt=\"\" srcset=\"https:\/\/alfasolve.com\/alfasolve_web\/wp-content\/uploads\/2021\/05\/METAL-SPINNING-300x206.png 300w, https:\/\/alfasolve.com\/alfasolve_web\/wp-content\/uploads\/2021\/05\/METAL-SPINNING.png 464w\" sizes=\"(max-width: 300px) 100vw, 300px\" \/><\/a>\n\t\t\t<\/dt><\/dl><br style=\"clear: both\" \/><dl class='gallery-item'>\n\t\t\t<dt class='gallery-icon portrait'>\n\t\t\t\t<a href='https:\/\/alfasolve.com\/alfasolve_web\/wp-content\/uploads\/2021\/05\/METAL_PRESS1.png'><img loading=\"lazy\" decoding=\"async\" width=\"295\" height=\"300\" src=\"https:\/\/alfasolve.com\/alfasolve_web\/wp-content\/uploads\/2021\/05\/METAL_PRESS1-295x300.png\" class=\"attachment-medium size-medium\" alt=\"\" \/><\/a>\n\t\t\t<\/dt><\/dl>\n\t\t\t<br style='clear: both' \/>\n\t\t<\/div>\n[\/et_pb_text][\/et_pb_column][\/et_pb_row][\/et_pb_section]<\/p>\n","protected":false},"excerpt":{"rendered":"<p>AlfasolveLISOV\u00c1N\u00cd Nab\u00edz\u00edme kapacity na mechanick\u00fdch lisech od 10t a\u017e po 250t. Jsme schopni pracovat z p\u0159\u00edst\u0159ih\u016f i svitk\u016f. Svitky um\u00edme zpracov\u00e1vat a\u017e do \u0161\u00ed\u0159e 500mm a tlou\u0161\u0165ky materi\u00e1lu 1.5mm. KOVOTLA\u010cEN\u00cd Nab\u00edz\u00edme kapacitu na CNC kovotla\u010ditelsk\u00e9m stroji Leifeld AG typ SC 310. N\u00c1SLEDN\u00c9 OPERACE Jako standardn\u00ed povrchov\u00e9 o\u0161et\u0159en\u00ed prov\u00e1d\u00edme vibra\u010dn\u00ed odjehlen\u00ed a odjehlen\u00ed om\u00edl\u00e1n\u00edm. Jsme schopni [&hellip;]<\/p>\n","protected":false},"author":2,"featured_media":0,"parent":0,"menu_order":0,"comment_status":"closed","ping_status":"closed","template":"","meta":{"_et_pb_use_builder":"on","_et_pb_old_content":"","_et_gb_content_width":"","footnotes":""},"class_list":["post-10931","page","type-page","status-publish","hentry"],"_links":{"self":[{"href":"https:\/\/alfasolve.com\/alfasolve_web\/wp-json\/wp\/v2\/pages\/10931","targetHints":{"allow":["GET"]}}],"collection":[{"href":"https:\/\/alfasolve.com\/alfasolve_web\/wp-json\/wp\/v2\/pages"}],"about":[{"href":"https:\/\/alfasolve.com\/alfasolve_web\/wp-json\/wp\/v2\/types\/page"}],"author":[{"embeddable":true,"href":"https:\/\/alfasolve.com\/alfasolve_web\/wp-json\/wp\/v2\/users\/2"}],"replies":[{"embeddable":true,"href":"https:\/\/alfasolve.com\/alfasolve_web\/wp-json\/wp\/v2\/comments?post=10931"}],"version-history":[{"count":5,"href":"https:\/\/alfasolve.com\/alfasolve_web\/wp-json\/wp\/v2\/pages\/10931\/revisions"}],"predecessor-version":[{"id":11166,"href":"https:\/\/alfasolve.com\/alfasolve_web\/wp-json\/wp\/v2\/pages\/10931\/revisions\/11166"}],"wp:attachment":[{"href":"https:\/\/alfasolve.com\/alfasolve_web\/wp-json\/wp\/v2\/media?parent=10931"}],"curies":[{"name":"wp","href":"https:\/\/api.w.org\/{rel}","templated":true}]}}