{"id":10910,"date":"2021-05-27T17:50:05","date_gmt":"2021-05-27T17:50:05","guid":{"rendered":"https:\/\/alfasolve.com\/alfasolve_web\/?page_id=10910"},"modified":"2021-06-03T13:57:52","modified_gmt":"2021-06-03T13:57:52","slug":"vyroba-nastroju-a-pripravku","status":"publish","type":"page","link":"https:\/\/alfasolve.com\/alfasolve_web\/vyroba-nastroju-a-pripravku\/","title":{"rendered":"V\u00fdroba n\u00e1stroj\u016f a p\u0159\u00edpravk\u016f"},"content":{"rendered":"<p>[et_pb_section fb_built=&#8221;1&#8243; next_background_color=&#8221;#ffffff&#8221; admin_label=&#8221;Hero&#8221; _builder_version=&#8221;4.9.4&#8243; use_background_color_gradient=&#8221;on&#8221; background_color_gradient_start=&#8221;#000000&#8243; background_color_gradient_end=&#8221;rgba(0,0,0,0.15)&#8221; background_color_gradient_direction=&#8221;70deg&#8221; background_color_gradient_overlays_image=&#8221;on&#8221; background_image=&#8221;https:\/\/alfasolve.com\/alfasolve_web\/wp-content\/uploads\/2021\/05\/DSC_4898.jpg&#8221; custom_margin=&#8221;|||&#8221; custom_padding=&#8221;6vw|||&#8221; bottom_divider_style=&#8221;mountains2&#8243; bottom_divider_height=&#8221;20vw&#8221; bottom_divider_repeat=&#8221;0.5x&#8221; bottom_divider_flip=&#8221;horizontal|vertical&#8221;][et_pb_row _builder_version=&#8221;3.25&#8243; custom_margin=&#8221;|||&#8221; custom_padding=&#8221;27px|0px|0|0px|false|false&#8221;][et_pb_column type=&#8221;4_4&#8243; _builder_version=&#8221;3.25&#8243; custom_padding=&#8221;|||&#8221; custom_padding__hover=&#8221;|||&#8221;][et_pb_post_title meta=&#8221;off&#8221; featured_image=&#8221;off&#8221; _builder_version=&#8221;4.9.4&#8243; _module_preset=&#8221;default&#8221; title_font=&#8221;Josefin Sans|500|||||||&#8221; title_text_color=&#8221;#FFFFFF&#8221; title_font_size=&#8221;60px&#8221; title_font_size_tablet=&#8221;45px&#8221; title_font_size_phone=&#8221;30px&#8221; title_font_size_last_edited=&#8221;on|desktop&#8221;][\/et_pb_post_title][\/et_pb_column][\/et_pb_row][et_pb_row use_custom_gutter=&#8221;on&#8221; gutter_width=&#8221;1&#8243; disabled_on=&#8221;on|off|off&#8221; module_class=&#8221; et_pb_row_fullwidth&#8221; _builder_version=&#8221;3.25&#8243; width=&#8221;100%&#8221; width_tablet=&#8221;100%&#8221; width_phone=&#8221;&#8221; width_last_edited=&#8221;on|desktop&#8221; max_width=&#8221;100%&#8221; max_width_tablet=&#8221;100%&#8221; max_width_phone=&#8221;&#8221; max_width_last_edited=&#8221;on|desktop&#8221; make_fullwidth=&#8221;on&#8221; locked=&#8221;off&#8221;][et_pb_column type=&#8221;4_4&#8243; _builder_version=&#8221;3.25&#8243; custom_padding=&#8221;|||&#8221; custom_padding__hover=&#8221;|||&#8221;][et_pb_text _builder_version=&#8221;4.9.4&#8243; text_font=&#8221;Josefin Sans|700||on|||||&#8221; text_text_color=&#8221;rgba(255,255,255,0.2)&#8221; text_font_size=&#8221;14vw&#8221; text_line_height=&#8221;1em&#8221; quote_font=&#8221;||||||||&#8221; header_font=&#8221;||||||||&#8221; custom_margin=&#8221;||-0.4em|&#8221; custom_padding=&#8221;|||&#8221; filter_blur=&#8221;7px&#8221; animation_style=&#8221;slide&#8221; animation_direction=&#8221;right&#8221; animation_duration=&#8221;10000ms&#8221; animation_intensity_slide=&#8221;10%&#8221; animation_starting_opacity=&#8221;40%&#8221; animation_speed_curve=&#8221;linear&#8221; text_font_size_tablet=&#8221;124px&#8221; text_font_size_phone=&#8221;90px&#8221; text_font_size_last_edited=&#8221;off|desktop&#8221;]<\/p>\n<p>Alfasolve<\/p>\n<p>[\/et_pb_text][\/et_pb_column][\/et_pb_row][\/et_pb_section][et_pb_section fb_built=&#8221;1&#8243; custom_padding_last_edited=&#8221;off|desktop&#8221; next_background_color=&#8221;#ffffff&#8221; admin_label=&#8221;Services&#8221; module_id=&#8221;services&#8221; _builder_version=&#8221;4.9.4&#8243; use_background_color_gradient=&#8221;on&#8221; background_color_gradient_start=&#8221;#ffffff&#8221; background_color_gradient_end=&#8221;#e0e0e0&#8243; background_color_gradient_start_position=&#8221;30%&#8221; custom_padding=&#8221;|||&#8221; bottom_divider_style=&#8221;mountains2&#8243; bottom_divider_repeat=&#8221;0.5x&#8221;][et_pb_row column_structure=&#8221;1_2,1_2&#8243; admin_label=&#8221;Content Area&#8221; _builder_version=&#8221;4.9.4&#8243;][et_pb_column type=&#8221;1_2&#8243; _builder_version=&#8221;3.25&#8243; custom_padding=&#8221;|||&#8221; custom_padding__hover=&#8221;|||&#8221;][et_pb_text ul_position=&#8221;inside&#8221; _builder_version=&#8221;4.9.4&#8243; text_font=&#8221;Open Sans||||||||&#8221; text_font_size=&#8221;18px&#8221; text_line_height=&#8221;1.8em&#8221; header_font=&#8221;||||||||&#8221; header_text_color=&#8221;rgba(0,0,0,0)&#8221; header_2_font=&#8221;Josefin Sans|700|||||||&#8221; header_2_font_size=&#8221;48px&#8221; header_2_line_height=&#8221;1.4em&#8221; header_3_font=&#8221;Josefin Sans|700||on|||||&#8221; header_3_text_color=&#8221;rgba(43,51,68,0.2)&#8221; max_width=&#8221;700px&#8221; module_alignment=&#8221;center&#8221; custom_margin=&#8221;|||&#8221; custom_padding=&#8221;|||&#8221; header_2_font_size_tablet=&#8221;&#8221; header_2_font_size_phone=&#8221;24px&#8221; header_2_font_size_last_edited=&#8221;on|phone&#8221; header_2_line_height_tablet=&#8221;1.4em&#8221; header_2_line_height_last_edited=&#8221;off|desktop&#8221; locked=&#8221;off&#8221;]<\/p>\n<p><span style=\"font-weight: 400;\">N\u00e1stroj\u00e1rny se nach\u00e1z\u00ed v \u010cR a v\u00edce ne\u017e polovina na\u0161\u00ed produkce je exportov\u00e1na zahrani\u010dn\u00edm klient\u016fm &#8211; p\u0159ev\u00e1\u017en\u011b N\u011bmecka, Slovenska, Rakouska, USA, UK, Polska\u2026 V\u011bt\u0161ina na\u0161ich lok\u00e1ln\u00edch klient\u016f je tvo\u0159ena nadn\u00e1rodn\u00edmi spole\u010dnostmi.<\/span><\/p>\n<p><span style=\"font-weight: 400;\">Disponujeme profesion\u00e1ln\u00edm design\u00e9rsk\u00fdm a v\u00fdrobn\u00edm t\u00fdmem. Um\u00edme pracovat v SW jako je <\/span><span style=\"font-weight: 400;\">SOLIDWORKS, CAD, SOLIDCAM, SURFCAM, KOVOPROG, D-CAMCUT Pro, etc.<\/span><\/p>\n<p><span style=\"font-weight: 400;\">Pro v\u00fdrobu n\u00e1stroj\u016f pou\u017e\u00edv\u00e1me kvalitn\u00ed materi\u00e1ly od Evropsk\u00fdch dodavatel\u016f. D\u00edky na\u0161\u00ed technologii, efektivit\u011b, striktn\u00ed kontrole kvality a odpov\u00eddaj\u00edc\u00ed cen\u011b jsme si b\u011bhem n\u011bkolika posledn\u00edch let vybudovali dobrou reputaci u na\u0161ich dlouhodob\u00fdch i nov\u00fdch klient\u016f.<\/span><\/p>\n<p><span style=\"font-weight: 400;\">Na\u0161\u00edm z\u00e1vazkem je dod\u00e1n\u00ed kvalitn\u00edch produkt\u016f a slu\u017eeb s orientac\u00ed na p\u0159idanou hodnotu pro va\u0161\u00ed v\u00fdrobu. Chceme b\u00fdt prvn\u00ed volbou pro na\u0161e z\u00e1kazn\u00edky v oblastech:<\/span><\/p>\n<ul>\n<li style=\"font-weight: 400;\" aria-level=\"1\"><span style=\"font-weight: 400;\">up\u00edna\u010de<\/span><\/li>\n<li style=\"font-weight: 400;\" aria-level=\"1\"><span style=\"font-weight: 400;\">p\u0159esn\u011b obr\u00e1b\u011bn\u00e9 d\u00edly<\/span><\/li>\n<li style=\"font-weight: 400;\" aria-level=\"1\"><span style=\"font-weight: 400;\">jedno\u00fa\u010delov\u00e9 n\u00e1stroje a sestavy<\/span><\/li>\n<li style=\"font-weight: 400;\" aria-level=\"1\"><span style=\"font-weight: 400;\">dopl\u0148ky pro strojn\u00ed vybaven\u00ed<\/span><\/li>\n<li style=\"font-weight: 400;\" aria-level=\"1\"><span style=\"font-weight: 400;\">m\u011b\u0159idla<\/span><\/li>\n<li style=\"font-weight: 400;\" aria-level=\"1\"><span style=\"font-weight: 400;\">p\u0159esn\u00e9 m\u011b\u0159\u00edc\u00ed n\u00e1stroje a sestavy<\/span><\/li>\n<li style=\"font-weight: 400;\" aria-level=\"1\"><span style=\"font-weight: 400;\">speci\u00e1ln\u00ed \u0159ezn\u00e9 n\u00e1stroje<\/span><\/li>\n<li style=\"font-weight: 400;\" aria-level=\"1\"><span style=\"font-weight: 400;\">n\u00e1stroje pro lisov\u00e1n\u00ed a tv\u00e1\u0159en\u00ed kov\u016f<\/span><\/li>\n<li style=\"font-weight: 400;\" aria-level=\"1\"><span style=\"font-weight: 400;\">opravy a \u00fadr\u017eba n\u00e1stroj\u016f<\/span><\/li>\n<li style=\"font-weight: 400;\" aria-level=\"1\"><span style=\"font-weight: 400;\">nava\u0159ov\u00e1n\u00ed hran n\u00e1stroj\u016f laserem<\/span><\/li>\n<li style=\"font-weight: 400;\" aria-level=\"1\"><span style=\"font-weight: 400;\">kalen\u00ed funk\u010dn\u00edch \u010d\u00e1st\u00ed n\u00e1stroj\u016f laserem<\/span><\/li>\n<\/ul>\n<p>[\/et_pb_text][et_pb_button button_url=&#8221;https:\/\/alfasolve.com\/alfasolve_web\/cs\/kontakt\/&#8221; button_text=&#8221;Napi\u0161te n\u00e1m&#8221; button_alignment=&#8221;left&#8221; _builder_version=&#8221;4.9.4&#8243; custom_button=&#8221;on&#8221; button_text_size=&#8221;14px&#8221; button_text_color=&#8221;#ffffff&#8221; button_bg_color=&#8221;#F15921&#8243; button_border_width=&#8221;14px&#8221; button_border_color=&#8221;rgba(255,255,255,0)&#8221; button_border_radius=&#8221;0px&#8221; button_letter_spacing=&#8221;1px&#8221; button_font=&#8221;Josefin Sans|700||on|||||&#8221; custom_margin=&#8221;|||&#8221; custom_margin_tablet=&#8221;0px||0px|&#8221; custom_margin_phone=&#8221;||0px|&#8221; custom_margin_last_edited=&#8221;off|desktop&#8221; custom_padding=&#8221;|||&#8221; hover_enabled=&#8221;0&#8243; box_shadow_style=&#8221;preset3&#8243; box_shadow_blur=&#8221;30px&#8221; box_shadow_color=&#8221;rgba(0,0,0,0.16)&#8221; button_border_radius_hover=&#8221;0px&#8221; button_letter_spacing_hover=&#8221;1px&#8221; locked=&#8221;off&#8221; button_text_size__hover_enabled=&#8221;off&#8221; button_one_text_size__hover_enabled=&#8221;off&#8221; button_two_text_size__hover_enabled=&#8221;off&#8221; button_text_color__hover_enabled=&#8221;on|hover&#8221; button_one_text_color__hover_enabled=&#8221;off&#8221; button_two_text_color__hover_enabled=&#8221;off&#8221; button_border_width__hover_enabled=&#8221;off&#8221; button_one_border_width__hover_enabled=&#8221;off&#8221; button_two_border_width__hover_enabled=&#8221;off&#8221; button_border_color__hover_enabled=&#8221;off&#8221; button_one_border_color__hover_enabled=&#8221;off&#8221; button_two_border_color__hover_enabled=&#8221;off&#8221; button_border_radius__hover_enabled=&#8221;on&#8221; button_border_radius__hover=&#8221;0px&#8221; button_one_border_radius__hover_enabled=&#8221;off&#8221; button_two_border_radius__hover_enabled=&#8221;off&#8221; button_letter_spacing__hover_enabled=&#8221;on&#8221; button_letter_spacing__hover=&#8221;1px&#8221; button_one_letter_spacing__hover_enabled=&#8221;off&#8221; button_two_letter_spacing__hover_enabled=&#8221;off&#8221; button_bg_color__hover_enabled=&#8221;on|hover&#8221; button_one_bg_color__hover_enabled=&#8221;off&#8221; button_two_bg_color__hover_enabled=&#8221;off&#8221; button_bg_color__hover=&#8221;#FFFFFF&#8221; button_bg_enable_color__hover=&#8221;on&#8221; button_text_color__hover=&#8221;#F15921&#8243; sticky_enabled=&#8221;0&#8243;][\/et_pb_button][\/et_pb_column][et_pb_column type=&#8221;1_2&#8243; _builder_version=&#8221;3.25&#8243; custom_padding=&#8221;|||&#8221; custom_padding__hover=&#8221;|||&#8221;][et_pb_text _builder_version=&#8221;4.9.4&#8243; _module_preset=&#8221;default&#8221;]\n\t\t<style type=\"text\/css\">\n\t\t\t#gallery-1 {\n\t\t\t\tmargin: auto;\n\t\t\t}\n\t\t\t#gallery-1 .gallery-item {\n\t\t\t\tfloat: left;\n\t\t\t\tmargin-top: 10px;\n\t\t\t\ttext-align: center;\n\t\t\t\twidth: 50%;\n\t\t\t}\n\t\t\t#gallery-1 img {\n\t\t\t\tborder: 2px solid #cfcfcf;\n\t\t\t}\n\t\t\t#gallery-1 .gallery-caption {\n\t\t\t\tmargin-left: 0;\n\t\t\t}\n\t\t\t\/* see gallery_shortcode() in wp-includes\/media.php *\/\n\t\t<\/style>\n\t\t<div id='gallery-1' class='gallery galleryid-10910 gallery-columns-2 gallery-size-medium'><dl class='gallery-item'>\n\t\t\t<dt class='gallery-icon landscape'>\n\t\t\t\t<a href='https:\/\/alfasolve.com\/alfasolve_web\/wp-content\/uploads\/2021\/05\/IMG_5106-scaled.jpg'><img loading=\"lazy\" decoding=\"async\" width=\"300\" height=\"225\" src=\"https:\/\/alfasolve.com\/alfasolve_web\/wp-content\/uploads\/2021\/05\/IMG_5106-300x225.jpg\" class=\"attachment-medium size-medium\" alt=\"\" \/><\/a>\n\t\t\t<\/dt><\/dl><dl class='gallery-item'>\n\t\t\t<dt class='gallery-icon landscape'>\n\t\t\t\t<a href='https:\/\/alfasolve.com\/alfasolve_web\/wp-content\/uploads\/2021\/05\/Selection_099.jpg'><img loading=\"lazy\" decoding=\"async\" width=\"300\" height=\"226\" src=\"https:\/\/alfasolve.com\/alfasolve_web\/wp-content\/uploads\/2021\/05\/Selection_099-300x226.jpg\" class=\"attachment-medium size-medium\" alt=\"\" \/><\/a>\n\t\t\t<\/dt><\/dl><br style=\"clear: both\" \/><dl class='gallery-item'>\n\t\t\t<dt class='gallery-icon landscape'>\n\t\t\t\t<a href='https:\/\/alfasolve.com\/alfasolve_web\/wp-content\/uploads\/2021\/05\/Selection_097.jpg'><img loading=\"lazy\" decoding=\"async\" width=\"300\" height=\"225\" src=\"https:\/\/alfasolve.com\/alfasolve_web\/wp-content\/uploads\/2021\/05\/Selection_097-300x225.jpg\" class=\"attachment-medium size-medium\" alt=\"\" \/><\/a>\n\t\t\t<\/dt><\/dl><dl class='gallery-item'>\n\t\t\t<dt class='gallery-icon landscape'>\n\t\t\t\t<a href='https:\/\/alfasolve.com\/alfasolve_web\/wp-content\/uploads\/2021\/05\/Selection_096.jpg'><img loading=\"lazy\" decoding=\"async\" width=\"300\" height=\"225\" src=\"https:\/\/alfasolve.com\/alfasolve_web\/wp-content\/uploads\/2021\/05\/Selection_096-300x225.jpg\" class=\"attachment-medium size-medium\" alt=\"\" \/><\/a>\n\t\t\t<\/dt><\/dl><br style=\"clear: both\" \/><dl class='gallery-item'>\n\t\t\t<dt class='gallery-icon landscape'>\n\t\t\t\t<a href='https:\/\/alfasolve.com\/alfasolve_web\/wp-content\/uploads\/2021\/05\/Selection_092.jpg'><img loading=\"lazy\" decoding=\"async\" width=\"300\" height=\"221\" src=\"https:\/\/alfasolve.com\/alfasolve_web\/wp-content\/uploads\/2021\/05\/Selection_092-300x221.jpg\" class=\"attachment-medium size-medium\" alt=\"\" \/><\/a>\n\t\t\t<\/dt><\/dl><dl class='gallery-item'>\n\t\t\t<dt class='gallery-icon landscape'>\n\t\t\t\t<a href='https:\/\/alfasolve.com\/alfasolve_web\/wp-content\/uploads\/2021\/05\/Selection_091.jpg'><img loading=\"lazy\" decoding=\"async\" width=\"300\" height=\"225\" src=\"https:\/\/alfasolve.com\/alfasolve_web\/wp-content\/uploads\/2021\/05\/Selection_091-300x225.jpg\" class=\"attachment-medium size-medium\" alt=\"\" \/><\/a>\n\t\t\t<\/dt><\/dl><br style=\"clear: both\" \/><dl class='gallery-item'>\n\t\t\t<dt class='gallery-icon landscape'>\n\t\t\t\t<a href='https:\/\/alfasolve.com\/alfasolve_web\/wp-content\/uploads\/2021\/05\/Selection_082.jpg'><img loading=\"lazy\" decoding=\"async\" width=\"300\" height=\"225\" src=\"https:\/\/alfasolve.com\/alfasolve_web\/wp-content\/uploads\/2021\/05\/Selection_082-300x225.jpg\" class=\"attachment-medium size-medium\" alt=\"\" \/><\/a>\n\t\t\t<\/dt><\/dl><dl class='gallery-item'>\n\t\t\t<dt class='gallery-icon landscape'>\n\t\t\t\t<a href='https:\/\/alfasolve.com\/alfasolve_web\/wp-content\/uploads\/2021\/05\/Selection_078.jpg'><img loading=\"lazy\" decoding=\"async\" width=\"300\" height=\"225\" src=\"https:\/\/alfasolve.com\/alfasolve_web\/wp-content\/uploads\/2021\/05\/Selection_078-300x225.jpg\" class=\"attachment-medium size-medium\" alt=\"\" \/><\/a>\n\t\t\t<\/dt><\/dl><br style=\"clear: both\" \/><dl class='gallery-item'>\n\t\t\t<dt class='gallery-icon landscape'>\n\t\t\t\t<a href='https:\/\/alfasolve.com\/alfasolve_web\/wp-content\/uploads\/2021\/05\/Selection_058.jpg'><img loading=\"lazy\" decoding=\"async\" width=\"300\" height=\"225\" src=\"https:\/\/alfasolve.com\/alfasolve_web\/wp-content\/uploads\/2021\/05\/Selection_058-300x225.jpg\" class=\"attachment-medium size-medium\" alt=\"\" \/><\/a>\n\t\t\t<\/dt><\/dl><dl class='gallery-item'>\n\t\t\t<dt class='gallery-icon landscape'>\n\t\t\t\t<a href='https:\/\/alfasolve.com\/alfasolve_web\/wp-content\/uploads\/2021\/05\/Selection_057.jpg'><img loading=\"lazy\" decoding=\"async\" width=\"300\" height=\"225\" src=\"https:\/\/alfasolve.com\/alfasolve_web\/wp-content\/uploads\/2021\/05\/Selection_057-300x225.jpg\" class=\"attachment-medium size-medium\" alt=\"\" \/><\/a>\n\t\t\t<\/dt><\/dl><br style=\"clear: both\" \/><dl class='gallery-item'>\n\t\t\t<dt class='gallery-icon landscape'>\n\t\t\t\t<a href='https:\/\/alfasolve.com\/alfasolve_web\/wp-content\/uploads\/2021\/05\/Selection_052-1.jpg'><img loading=\"lazy\" decoding=\"async\" width=\"300\" height=\"225\" src=\"https:\/\/alfasolve.com\/alfasolve_web\/wp-content\/uploads\/2021\/05\/Selection_052-1-300x225.jpg\" class=\"attachment-medium size-medium\" alt=\"\" \/><\/a>\n\t\t\t<\/dt><\/dl><dl class='gallery-item'>\n\t\t\t<dt class='gallery-icon landscape'>\n\t\t\t\t<a href='https:\/\/alfasolve.com\/alfasolve_web\/wp-content\/uploads\/2021\/05\/Selection_047.jpg'><img loading=\"lazy\" decoding=\"async\" width=\"300\" height=\"227\" src=\"https:\/\/alfasolve.com\/alfasolve_web\/wp-content\/uploads\/2021\/05\/Selection_047-300x227.jpg\" class=\"attachment-medium size-medium\" alt=\"\" \/><\/a>\n\t\t\t<\/dt><\/dl><br style=\"clear: both\" \/><dl class='gallery-item'>\n\t\t\t<dt class='gallery-icon landscape'>\n\t\t\t\t<a href='https:\/\/alfasolve.com\/alfasolve_web\/wp-content\/uploads\/2021\/05\/Selection_044.jpg'><img loading=\"lazy\" decoding=\"async\" width=\"300\" height=\"225\" src=\"https:\/\/alfasolve.com\/alfasolve_web\/wp-content\/uploads\/2021\/05\/Selection_044-300x225.jpg\" class=\"attachment-medium size-medium\" alt=\"\" \/><\/a>\n\t\t\t<\/dt><\/dl><dl class='gallery-item'>\n\t\t\t<dt class='gallery-icon landscape'>\n\t\t\t\t<a href='https:\/\/alfasolve.com\/alfasolve_web\/wp-content\/uploads\/2021\/05\/tools-jigs.png'><img loading=\"lazy\" decoding=\"async\" width=\"300\" height=\"300\" src=\"https:\/\/alfasolve.com\/alfasolve_web\/wp-content\/uploads\/2021\/05\/tools-jigs-300x300.png\" class=\"attachment-medium size-medium\" alt=\"\" \/><\/a>\n\t\t\t<\/dt><\/dl><br style=\"clear: both\" \/><dl class='gallery-item'>\n\t\t\t<dt class='gallery-icon landscape'>\n\t\t\t\t<a href='https:\/\/alfasolve.com\/alfasolve_web\/wp-content\/uploads\/2021\/05\/tools-jigs-1.jpg'><img loading=\"lazy\" decoding=\"async\" width=\"300\" height=\"300\" src=\"https:\/\/alfasolve.com\/alfasolve_web\/wp-content\/uploads\/2021\/05\/tools-jigs-1-300x300.jpg\" class=\"attachment-medium size-medium\" alt=\"\" \/><\/a>\n\t\t\t<\/dt><\/dl><dl class='gallery-item'>\n\t\t\t<dt class='gallery-icon landscape'>\n\t\t\t\t<a href='https:\/\/alfasolve.com\/alfasolve_web\/wp-content\/uploads\/2021\/05\/Selection_046.jpg'><img loading=\"lazy\" decoding=\"async\" width=\"300\" height=\"222\" src=\"https:\/\/alfasolve.com\/alfasolve_web\/wp-content\/uploads\/2021\/05\/Selection_046-300x222.jpg\" class=\"attachment-medium size-medium\" alt=\"\" \/><\/a>\n\t\t\t<\/dt><\/dl><br style=\"clear: both\" \/><dl class='gallery-item'>\n\t\t\t<dt class='gallery-icon landscape'>\n\t\t\t\t<a href='https:\/\/alfasolve.com\/alfasolve_web\/wp-content\/uploads\/2021\/05\/Selection_052.jpg'><img loading=\"lazy\" decoding=\"async\" width=\"300\" height=\"225\" src=\"https:\/\/alfasolve.com\/alfasolve_web\/wp-content\/uploads\/2021\/05\/Selection_052-300x225.jpg\" class=\"attachment-medium size-medium\" alt=\"\" \/><\/a>\n\t\t\t<\/dt><\/dl><dl class='gallery-item'>\n\t\t\t<dt class='gallery-icon landscape'>\n\t\t\t\t<a href='https:\/\/alfasolve.com\/alfasolve_web\/wp-content\/uploads\/2021\/05\/Selection_053.jpg'><img loading=\"lazy\" decoding=\"async\" width=\"300\" height=\"225\" src=\"https:\/\/alfasolve.com\/alfasolve_web\/wp-content\/uploads\/2021\/05\/Selection_053-300x225.jpg\" class=\"attachment-medium size-medium\" alt=\"\" \/><\/a>\n\t\t\t<\/dt><\/dl><br style=\"clear: both\" \/><dl class='gallery-item'>\n\t\t\t<dt class='gallery-icon portrait'>\n\t\t\t\t<a href='https:\/\/alfasolve.com\/alfasolve_web\/wp-content\/uploads\/2021\/05\/toolshop_mainpage3.png'><img loading=\"lazy\" decoding=\"async\" width=\"286\" height=\"300\" src=\"https:\/\/alfasolve.com\/alfasolve_web\/wp-content\/uploads\/2021\/05\/toolshop_mainpage3-286x300.png\" class=\"attachment-medium size-medium\" alt=\"\" srcset=\"https:\/\/alfasolve.com\/alfasolve_web\/wp-content\/uploads\/2021\/05\/toolshop_mainpage3-286x300.png 286w, https:\/\/alfasolve.com\/alfasolve_web\/wp-content\/uploads\/2021\/05\/toolshop_mainpage3.png 401w\" sizes=\"(max-width: 286px) 100vw, 286px\" \/><\/a>\n\t\t\t<\/dt><\/dl><dl class='gallery-item'>\n\t\t\t<dt class='gallery-icon landscape'>\n\t\t\t\t<a href='https:\/\/alfasolve.com\/alfasolve_web\/wp-content\/uploads\/2021\/05\/toolshop_mainpage1.png'><img loading=\"lazy\" decoding=\"async\" width=\"300\" height=\"251\" src=\"https:\/\/alfasolve.com\/alfasolve_web\/wp-content\/uploads\/2021\/05\/toolshop_mainpage1-300x251.png\" class=\"attachment-medium size-medium\" alt=\"\" \/><\/a>\n\t\t\t<\/dt><\/dl><br style=\"clear: both\" \/>\n\t\t<\/div>\n[\/et_pb_text][\/et_pb_column][\/et_pb_row][\/et_pb_section]<\/p>\n","protected":false},"excerpt":{"rendered":"<p>AlfasolveN\u00e1stroj\u00e1rny se nach\u00e1z\u00ed v \u010cR a v\u00edce ne\u017e polovina na\u0161\u00ed produkce je exportov\u00e1na zahrani\u010dn\u00edm klient\u016fm &#8211; p\u0159ev\u00e1\u017en\u011b N\u011bmecka, Slovenska, Rakouska, USA, UK, Polska\u2026 V\u011bt\u0161ina na\u0161ich lok\u00e1ln\u00edch klient\u016f je tvo\u0159ena nadn\u00e1rodn\u00edmi spole\u010dnostmi. Disponujeme profesion\u00e1ln\u00edm design\u00e9rsk\u00fdm a v\u00fdrobn\u00edm t\u00fdmem. Um\u00edme pracovat v SW jako je SOLIDWORKS, CAD, SOLIDCAM, SURFCAM, KOVOPROG, D-CAMCUT Pro, etc. Pro v\u00fdrobu n\u00e1stroj\u016f pou\u017e\u00edv\u00e1me [&hellip;]<\/p>\n","protected":false},"author":2,"featured_media":0,"parent":0,"menu_order":0,"comment_status":"closed","ping_status":"closed","template":"","meta":{"_et_pb_use_builder":"on","_et_pb_old_content":"","_et_gb_content_width":"","footnotes":""},"class_list":["post-10910","page","type-page","status-publish","hentry"],"_links":{"self":[{"href":"https:\/\/alfasolve.com\/alfasolve_web\/wp-json\/wp\/v2\/pages\/10910","targetHints":{"allow":["GET"]}}],"collection":[{"href":"https:\/\/alfasolve.com\/alfasolve_web\/wp-json\/wp\/v2\/pages"}],"about":[{"href":"https:\/\/alfasolve.com\/alfasolve_web\/wp-json\/wp\/v2\/types\/page"}],"author":[{"embeddable":true,"href":"https:\/\/alfasolve.com\/alfasolve_web\/wp-json\/wp\/v2\/users\/2"}],"replies":[{"embeddable":true,"href":"https:\/\/alfasolve.com\/alfasolve_web\/wp-json\/wp\/v2\/comments?post=10910"}],"version-history":[{"count":5,"href":"https:\/\/alfasolve.com\/alfasolve_web\/wp-json\/wp\/v2\/pages\/10910\/revisions"}],"predecessor-version":[{"id":11163,"href":"https:\/\/alfasolve.com\/alfasolve_web\/wp-json\/wp\/v2\/pages\/10910\/revisions\/11163"}],"wp:attachment":[{"href":"https:\/\/alfasolve.com\/alfasolve_web\/wp-json\/wp\/v2\/media?parent=10910"}],"curies":[{"name":"wp","href":"https:\/\/api.w.org\/{rel}","templated":true}]}}